{"id":173,"date":"2014-08-04T06:54:18","date_gmt":"2014-08-04T05:54:18","guid":{"rendered":"http:\/\/2014.hillclimb.de\/?page_id=173"},"modified":"2014-08-04T06:54:18","modified_gmt":"2014-08-04T05:54:18","slug":"von-bad-schandau-nach-sebnitz","status":"publish","type":"page","link":"https:\/\/www.hillclimb.de\/?page_id=173","title":{"rendered":"Von Bad Schandau nach Sebnitz"},"content":{"rendered":"<h4>Von Bad Schandau nach Sebnitz &#8211; entlang der Kirnitsch und Sebnitz<\/h4>\n<p align=\"justify\">\n<p align=\"justify\">Vom Bahnhof aus benutzen wir die Br\u00fccke elbabw\u00e4rts um das Elbufer zu wechseln und in die Stadt hineinzulaufen. Etwa auf H\u00f6he der Kirche gehen wir nach links in das Kirnitzschtal hinein. Vorbei an der Klinik folgen wir der Wanderwegmarkierung roter Punkt auf wei\u00dfem Untergrund, die Bald Flu\u00df und Stra\u00dfe quert und dann in halber H\u00f6he am Hang verl\u00e4uft. Nach etwa 3 km in der H\u00f6he gelangen wir an einen Bach, der durch die Dorfbachklamm flie\u00dft, die wir Richtung Altendorf begehen. Durch den Ort setzt sich unser Weg (roter Strich) vorbei an der teils magmatischen Landschaft hinab ins Sebnitztal fort. Entlang der Gleise und des Baches schl\u00e4ngelt sich der Wanderpfad durch das abwechslungsreiche Tal und f\u00fchrt mit einem st\u00e4ndigen auf und ab hinein in den Ort Sebnitz.<\/p>\n<p>&nbsp;<\/p>\n<table width=\"530\">\n<tbody>\n<tr>\n<td width=\"170\"><strong>Start:<\/strong><\/td>\n<td width=\"360\">Bad Schandau<\/td>\n<\/tr>\n<tr>\n<td><strong>Ziel:<\/strong><\/td>\n<td>Sebnitz<\/td>\n<\/tr>\n<tr>\n<td><strong>Streckenl\u00e4nge:<\/strong><\/td>\n<td>18 km<\/td>\n<\/tr>\n<tr>\n<td valign=\"top\"><strong>Eignung:<\/strong><\/td>\n<td>f\u00fcr Jedermann, der die Kondition hat; nur eine kurze Passage erfordert etwas Trittsicherheit<\/td>\n<\/tr>\n<tr>\n<td valign=\"top\"><strong>Empfohlenes Kartenwerk:<\/strong><\/td>\n<td>Topographische Wanderkarte von Sebnitz, Bad Schandau &#8211; Landesvermessungsamt Sachsen\u00a0 Blatt 45<\/td>\n<\/tr>\n<\/tbody>\n<\/table>\n","protected":false},"excerpt":{"rendered":"<p>Von Bad Schandau nach Sebnitz &#8211; entlang der Kirnitsch und Sebnitz Vom Bahnhof aus benutzen wir die Br\u00fccke elbabw\u00e4rts um das Elbufer zu wechseln und in die Stadt hineinzulaufen. Etwa auf H\u00f6he der Kirche gehen wir nach links in das&#8230; <a class=\"more-link\" href=\"https:\/\/www.hillclimb.de\/?page_id=173\">Weiterlesen &rarr;<\/a><\/p>\n","protected":false},"author":1,"featured_media":0,"parent":27,"menu_order":0,"comment_status":"closed","ping_status":"open","template":"","meta":{"footnotes":""},"_links":{"self":[{"href":"https:\/\/www.hillclimb.de\/index.php?rest_route=\/wp\/v2\/pages\/173"}],"collection":[{"href":"https:\/\/www.hillclimb.de\/index.php?rest_route=\/wp\/v2\/pages"}],"about":[{"href":"https:\/\/www.hillclimb.de\/index.php?rest_route=\/wp\/v2\/types\/page"}],"author":[{"embeddable":true,"href":"https:\/\/www.hillclimb.de\/index.php?rest_route=\/wp\/v2\/users\/1"}],"replies":[{"embeddable":true,"href":"https:\/\/www.hillclimb.de\/index.php?rest_route=%2Fwp%2Fv2%2Fcomments&post=173"}],"version-history":[{"count":0,"href":"https:\/\/www.hillclimb.de\/index.php?rest_route=\/wp\/v2\/pages\/173\/revisions"}],"up":[{"embeddable":true,"href":"https:\/\/www.hillclimb.de\/index.php?rest_route=\/wp\/v2\/pages\/27"}],"wp:attachment":[{"href":"https:\/\/www.hillclimb.de\/index.php?rest_route=%2Fwp%2Fv2%2Fmedia&parent=173"}],"curies":[{"name":"wp","href":"https:\/\/api.w.org\/{rel}","templated":true}]}}