{"id":212,"date":"2014-08-04T07:27:06","date_gmt":"2014-08-04T06:27:06","guid":{"rendered":"http:\/\/2014.hillclimb.de\/?page_id=212"},"modified":"2014-08-04T07:27:06","modified_gmt":"2014-08-04T06:27:06","slug":"elverum-roeros","status":"publish","type":"page","link":"https:\/\/www.hillclimb.de\/?page_id=212","title":{"rendered":"Elverum &#8211; Roeros"},"content":{"rendered":"<h3>Elverum &#8211; R\u00f8ros<\/h3>\n<p>&nbsp;<\/p>\n<p align=\"justify\">Als kleiner Urlaub und auch als eine letzte Vorbereitung auf den Styrkepr\u00f8ven f\u00fchrte uns die Tour dieses Jahr durch die Femundsmarka im Osten des Landes. Die einzelnen Etappen werden noch ausgef\u00fcllt und sind nicht als feste Etappen zu sehen, da wir wild gezeltet haben und die Tour somit an jeder Stelle unterbrochen werden kann.<\/p>\n<div align=\"left\">\n<p><b>Elverum &#8211; Osensj\u00f8en<\/b> (42 km)<\/p>\n<p><b>Osensj\u00f8en &#8211; Femund<\/b> (128 km)<\/p>\n<p><b>Femund &#8211; R\u00f8ros<\/b> (107 km)<\/p>\n<p>Kartenmaterial: Capelen-Karten von K\u00fcmmerly+Frey im Ma\u00dfstab 1:325 000 f\u00fcr Norwegen ausreichend.<\/p>\n<\/div>\n","protected":false},"excerpt":{"rendered":"<p>Elverum &#8211; R\u00f8ros &nbsp; Als kleiner Urlaub und auch als eine letzte Vorbereitung auf den Styrkepr\u00f8ven f\u00fchrte uns die Tour dieses Jahr durch die Femundsmarka im Osten des Landes. Die einzelnen Etappen werden noch ausgef\u00fcllt und sind nicht als feste&#8230; <a class=\"more-link\" href=\"https:\/\/www.hillclimb.de\/?page_id=212\">Weiterlesen &rarr;<\/a><\/p>\n","protected":false},"author":1,"featured_media":0,"parent":27,"menu_order":0,"comment_status":"closed","ping_status":"open","template":"","meta":{"footnotes":""},"_links":{"self":[{"href":"https:\/\/www.hillclimb.de\/index.php?rest_route=\/wp\/v2\/pages\/212"}],"collection":[{"href":"https:\/\/www.hillclimb.de\/index.php?rest_route=\/wp\/v2\/pages"}],"about":[{"href":"https:\/\/www.hillclimb.de\/index.php?rest_route=\/wp\/v2\/types\/page"}],"author":[{"embeddable":true,"href":"https:\/\/www.hillclimb.de\/index.php?rest_route=\/wp\/v2\/users\/1"}],"replies":[{"embeddable":true,"href":"https:\/\/www.hillclimb.de\/index.php?rest_route=%2Fwp%2Fv2%2Fcomments&post=212"}],"version-history":[{"count":0,"href":"https:\/\/www.hillclimb.de\/index.php?rest_route=\/wp\/v2\/pages\/212\/revisions"}],"up":[{"embeddable":true,"href":"https:\/\/www.hillclimb.de\/index.php?rest_route=\/wp\/v2\/pages\/27"}],"wp:attachment":[{"href":"https:\/\/www.hillclimb.de\/index.php?rest_route=%2Fwp%2Fv2%2Fmedia&parent=212"}],"curies":[{"name":"wp","href":"https:\/\/api.w.org\/{rel}","templated":true}]}}